5)/(1/(-5)). What are the prime factors of (-30)/(-4)*p/(-24)?
2, 5
Let q = -37 - -241. Let s = q + -134. List the prime factors of s.
2, 5, 7
Suppose 5*d = -r + 450, 2*d - d - 69 = 4*r. Let h = d - 80. What are the prime factors of h?
3
Let z = -2 + 6. Suppose -2*y = s - 5, 0 = 3*y - z*y + s + 4. Suppose y = 3*f - 3. What are the prime factors of f?
2
Suppose 0 = -5*o + 73 - 53. Suppose 4*h = t - 68, -328 = -o*t - 0*t + 2*h. What are the prime factors of t?
2, 3, 7
Let f(l) = 43*l - 58. List the prime factors of f(12).
2, 229
Suppose -5*t + 522 = -5*l + 2*l, 2*l - 107 = -t. List the prime factors of t.
3, 5, 7
Suppose 22*l - 94981 = 12203. List the prime factors of l.
2, 3, 7, 29
Let p(y) = 5*y**2 - y - 4. Let d(x) = 2*x - 3. Let v be d(2). Let b = -2 - v. What are the prime factors of p(b)?
2, 11
Suppose -f - 3 = 2*d + 44, -3*f + d = 134. Let g = 53 - f. List the prime factors of g.
2, 7
Let j(v) = 7*v - 22. Let d be j(14). Suppose 0 = 4*l - 5*l + d. List the prime factors of l.
2, 19
Suppose -3*s = 3*v - 7602, 4*s - 5*v - 10163 = -0*s. List the prime factors of s.
43, 59
Let i(h) = h**3 + 38*h**2 + 65*h + 25. What are the prime factors of i(-29)?
3, 11, 173
Let f = 23 + -6. Let v(u) = u**2 - 17*u + 7. What are the prime factors of v(f)?
7
Let f be ((-3)/2)/(75/(-1450)). Let y = f - 33. List the prime factors of 110*(-4)/(-8) - y.
59
Suppose -3*c - 5*t + 145 = 0, -2*c - 4*t + 86 = -6*t. Let m = 152 + c. What are the prime factors of m?
197
Let k = 44 - 179. List the prime factors of k/(-25) - 4/10.
5
Let y be -28 - (-1 + 4 + 1). Let s be ((-26)/8)/(8/y). Suppose 26*k + s = 27*k. What are the prime factors of k?
13
Suppose 19*y - 40502 = -7917. What are the prime factors of y?
5, 7
Let a(d) = d**3 - 31*d**2 + 45*d. List the prime factors of a(30).
2, 3, 5
Let l(w) be the third derivative of 15*w**4/8 + w**3/6 - 7*w**2. Let o be l(-1). Let k = o + 91. List the prime factors of k.
47
Let t(f) be the second derivative of -f**5/10 + f**4/12 - f**3 - 3*f**2 + 52*f. List the prime factors of t(-5).
13, 23
Let t(k) = 151*k + 658. List the prime factors of t(21).
7, 547
Let y be -3*26 + (20 - 18). List the prime factors of 21*y/(-18) + 2/6.
89
Suppose 3*t + 18 = x + 4, -26 = -3*x + 5*t. Suppose 3*h - x*v - 207 = -18, -5*h + 2*v + 315 = 0. What are the prime factors of h?
3, 7
Suppose -4*d + 4 = -0*d. Suppose -a - 4*j = 15, -6 + d = j. Suppose 20 = a*p - 3*p. List the prime factors of p.
2, 5
Let a = 3 - -6. Let k(g) = 6*g**2 - 3*g - 5. Let h(u) = u**2 + 1. Let f(b) = -5*h(b) + k(b). What are the prime factors of f(a)?
2, 11
Let u = 12 + -10. Suppose 0 = -u*j + 3*j + 1. What are the prime factors of 1*11*(j + 5)?
2, 11
List the prime factors of ((-130)/195)/((-4)/9678).
1613
Let y(s) = 126*s + 7. Let f be y(-3). List the prime factors of 6/(-21)*f*1.
2, 53
Suppose 2*f = 7*f - 10. Suppose g + 3*r = 12, -2*r - f*r - 16 = 0. Suppose -3*k = -g - 30. List the prime factors of k.
2, 3
List the prime factors of 25904/40*5 + 1.
41, 79
Suppose 36760 = 41*w - 31*w. List the prime factors of w.
2, 919
Let f(w) = w**2 + 9*w - 4. Let l be f(-10). List the prime factors of (112/3 + -2)*9/l.
53
Let h(s) = -2*s**2 - 5. Let w be h(0). Let v(r) = -24*r + 9. List the prime factors of v(w).
3, 43
Suppose -31*b = -24*b + 3444. Let j = 751 + b. What are the prime factors of j?
7, 37
Suppose 31*k - 29*k - 1224 = -l, 6100 = 5*l + 5*k. List the prime factors of l.
2, 19
Suppose 3*y + 8907 = 5*c - y, -4*y + 7140 = 4*c. What are the prime factors of c?
1783
Let d(w) = -w**2 + w + 1. Let m(u) = -u**3 - u**2 - 12*u - 7. Let y(v) = -6*d(v) - m(v). Let s be y(-6). Let t(g) = 15*g. List the prime factors of t(s).
3, 5
Suppose 182 = 3*j + 2*y + 2*y, -4*y + 120 = 2*j. Let s = j + -41. What are the prime factors of s?
3, 7
Suppose -11*h + 1590 + 4119 = 0. List the prime factors of h.
3, 173
Suppose -z = z - 32. Suppose 0 = 5*q + m - 43, q + 2*m = z - 2. Let c = 13 - q. List the prime factors of c.
5
Suppose 15*s + 1100 = 17*s + 4*x, 2*s = -2*x + 1092. List the prime factors of s.
2, 271
Let c be 6/27 - (-330)/(-27). List the prime factors of 10/60 + (-766)/c.
2
Let b(z) = -z**2 - 143*z - 376. List the prime factors of b(-64).
2, 3, 5, 13
Let g(s) = -s**2 - 14*s + 37. Let m be g(-16). Suppose -10*k + 25 = -m*k. Suppose -f = -3*f - 4*r + 104, -3*r = -k*f + 286. List the prime factors of f.
2, 7
Let j(q) = q**3 + 7*q**2 + 8*q - 11. Let p be j(-5). List the prime factors of (-7 - (-4865)/20) + p/4.
2, 59
Let n = 87 - 57. Suppose n = -13*w + 16*w. What are the prime factors of w?
2, 5
Let h = 10685 + -6250. List the prime factors of h.
5, 887
List the prime factors of 25193/13 + (-36)/39 + 1.
2, 3, 17, 19
Suppose -28 = 2*q - 2*d, 0 = -5*q - 22*d + 21*d - 40. Let o(c) be the second derivative of c**3/3 + 10*c**2 + c. What are the prime factors of o(q)?
2
Let v be 3 + (-2 - -1 - -4). Suppose 229 = v*d - 95. List the prime factors of d.
2, 3
Let z be 760/12 + (10/(-3) - -3). Suppose 2*a - z = 1. List the prime factors of a.
2
Let r = 0 - 0. Let u(k) = 2*k**2 + 17*k - 4. Let l be u(-9). Suppose l*v = -2*b + 5*b + 24, r = -5*v - 5*b. List the prime factors of v.
3
Let p be (0 - (-296)/32)/(2/40). Suppose -4*x = -2*k - x + 49, 5*k + 5*x = p. What are the prime factors of k?
2
Suppose 4*y + 834 = -2*x, 5*y = y + 2*x - 846. Let j = 313 + y. What are the prime factors of j?
103
Let o = 19 + -16. Suppose -3*u + o*n + 27 = 0, 6 + 16 = 2*u - n. Let w(t) = -t**3 + 13*t**2 + 3*t - 19. What are the prime factors of w(u)?
2, 5
Suppose 0 = x - 5 - 1. Let g(p) = -p - 9. Let n be g(-6). Let h = x + n. What are the prime factors of h?
3
Suppose -1 - 4 = -u. Suppose -u*q = -5 - 5. Suppose -9 = -x - q*h, 24 = 4*x - h + 3*h. What are the prime factors of x?
5
Let x(t) = 6*t**2 + 11*t - 54. List the prime factors of x(16).
2, 829
Let x(d) = -6*d**2 + d + 3. Let t be x(3). Let p = 70 + t. Suppose 17*q - p*q = -30. List the prime factors of q.
2, 3
Let t(l) be the second derivative of 15*l**2 + 0 - 4*l + 1/12*l**4 + 0*l**3. What are the prime factors of t(0)?
2, 3, 5
Let q be 15/((-3)/(-1)) + -3. Suppose a = -5*b + 30, -3*a + q*a + 3*b = 10. Let c(f) = 5*f - 7. List the prime factors of c(a).
2, 3
Suppose 5*s + 8119 + 1496 = 5*a, 3*a + 3*s - 5787 = 0. List the prime factors of a.
2, 3, 107
Suppose 130 = -7*f - 59. List the prime factors of (-3531)/f - (-2)/9.
131
Suppose -5*h = -456 - 5219. List the prime factors of h.
5, 227
Let t be (-7)/((-7)/2) + 0. Suppose 9 = t*y - 47. Suppose -y = -2*s + 22. List the prime factors of s.
5
Let r(k) = -3*k**3 - k**2 + 14*k + 11. Let f be 5/((1 + 0)*-1). List the prime factors of r(f).
3, 97
Let a = -802 + 1222. List the prime factors of a.
2, 3, 5, 7
Suppose 2*y = -4*t + 3544, y - t - 1438 - 346 = 0. List the prime factors of y.
2, 5, 89
Suppose 7*s + 4 = 151. What are the prime factors of s?
3, 7
Suppose 2 - 24 = c + 4*s, 0 = 4*c + 2*s + 32. What are the prime factors of 1*3/c*-14?
7
Let y = -2028 - -4229. What are the prime factors of y?
31, 71
Let s = -210 - -315. Suppose 0 = 5*b + 2*z - 140, 0 = 4*b - 5*z - s - 7. List the prime factors of b.
2, 7
Let p(t) be the third derivative of t**5/6 + 3*t**4/8 + 5*t**3/6 - 20*t**2. List the prime factors of p(-3).
2, 17
Let z(b) = -546*b - 5. What are the prime factors of z(-2)?
1087
List the prime factors of -3*(0 + 1759/(-3))*2.
2, 1759
Let i = 8 - 7. Let h(f) = 30*f**3 - f**2. Let x be h(i). Suppose 83 = 4*c - x. List the prime factors of c.
2, 7
Suppose 8214 = 2*p + 5*j, 3800 + 8539 = 3*p + 3*j. What are the prime factors of p?
23, 179
Let j(d) = -d + 14. Let i be j(11). Suppose 2*g = 3*z - 14, -2 + 11 = 3*g + i*z. What are the prime factors of -3 - (2/g + -27)?
2, 13
Let v be (-1)/2*8*-1. Suppose 3*z - v*z + 97 = 0. Suppose -4*r - z = -3*f, 34 = -3*f + 4*f - r. What are the prime factors of f?
3, 13
Let b(l) = -666*l - 22. What are the prime factors of b(-3)?
2, 13, 19
Let z(u) = -u**3 - 3*u**2 - 2*u - 3. Let a be z(-2). Let y be -17 + 4 + (0 - a). What are the prime factors of (-455)/y + (-12)/8?
2, 11
Suppose 5*p - 54 = -p. Suppose p = 7*i - 12. What are the prime factors of i?
3
Let q be (-72 - 6) + 1*-1. Let u = -44 - q. List the prime factors of u.
5, 7
List the prime factors of (-35320)/(-60)*(-3)/(-2).
883
Let a = 37